s of 14511?
3, 7, 691
List the prime factors of 22300.
2, 5, 223
What are the prime factors of 4254?
2, 3, 709
What are the prime factors of 3288?
2, 3, 137
What are the prime factors of 11613?
3, 7, 79
What are the prime factors of 463?
463
List the prime factors of 3873.
3, 1291
What are the prime factors of 2171?
13, 167
What are the prime factors of 11099?
11, 1009
List the prime factors of 3420.
2, 3, 5, 19
List the prime factors of 24043.
24043
List the prime factors of 2863.
7, 409
What are the prime factors of 14628?
2, 3, 23, 53
What are the prime factors of 23127?
3, 13, 593
What are the prime factors of 34962?
2, 3, 5827
What are the prime factors of 356?
2, 89
What are the prime factors of 806?
2, 13, 31
List the prime factors of 131733.
3, 7, 17, 41
List the prime factors of 349.
349
List the prime factors of 3035.
5, 607
List the prime factors of 151996.
2, 13, 37, 79
List the prime factors of 1660.
2, 5, 83
List the prime factors of 5223.
3, 1741
What are the prime factors of 8122?
2, 31, 131
List the prime factors of 1162.
2, 7, 83
What are the prime factors of 1439?
1439
What are the prime factors of 3242?
2, 1621
List the prime factors of 2198.
2, 7, 157
List the prime factors of 7881.
3, 37, 71
List the prime factors of 22303.
22303
List the prime factors of 20795.
5, 4159
List the prime factors of 10946.
2, 13, 421
What are the prime factors of 7906?
2, 59, 67
List the prime factors of 13623.
3, 19, 239
What are the prime factors of 14435?
5, 2887
List the prime factors of 3485.
5, 17, 41
What are the prime factors of 1254?
2, 3, 11, 19
What are the prime factors of 3618?
2, 3, 67
List the prime factors of 2800.
2, 5, 7
What are the prime factors of 2089?
2089
List the prime factors of 24754.
2, 12377
List the prime factors of 650.
2, 5, 13
List the prime factors of 18189.
3, 43, 47
What are the prime factors of 21633?
3, 7211
List the prime factors of 6948.
2, 3, 193
What are the prime factors of 64547?
7, 9221
What are the prime factors of 62375?
5, 499
What are the prime factors of 6796?
2, 1699
What are the prime factors of 100360?
2, 5, 13, 193
List the prime factors of 23368.
2, 23, 127
What are the prime factors of 5544?
2, 3, 7, 11
What are the prime factors of 11644?
2, 41, 71
What are the prime factors of 974?
2, 487
List the prime factors of 103663.
7, 59, 251
What are the prime factors of 13853?
7, 1979
What are the prime factors of 85637?
29, 2953
What are the prime factors of 445?
5, 89
List the prime factors of 53.
53
What are the prime factors of 398?
2, 199
What are the prime factors of 1202?
2, 601
List the prime factors of 6033.
3, 2011
What are the prime factors of 13073?
17, 769
What are the prime factors of 15207?
3, 37, 137
What are the prime factors of 8742?
2, 3, 31, 47
List the prime factors of 10930.
2, 5, 1093
What are the prime factors of 12979?
12979
What are the prime factors of 967?
967
What are the prime factors of 29598?
2, 3, 4933
What are the prime factors of 18462?
2, 3, 17, 181
List the prime factors of 14602.
2, 7, 149
What are the prime factors of 614?
2, 307
What are the prime factors of 10523?
17, 619
What are the prime factors of 21874?
2, 10937
List the prime factors of 25683.
3, 7, 1223
What are the prime factors of 32053?
7, 19, 241
What are the prime factors of 10198?
2, 5099
List the prime factors of 2073.
3, 691
What are the prime factors of 28148?
2, 31, 227
List the prime factors of 401.
401
What are the prime factors of 9233?
7, 1319
List the prime factors of 25322.
2, 11, 1151
What are the prime factors of 16756?
2, 59, 71
List the prime factors of 22372.
2, 7, 17, 47
List the prime factors of 72058.
2, 7, 5147
List the prime factors of 4073.
4073
What are the prime factors of 184277?
127, 1451
List the prime factors of 2967.
3, 23, 43
What are the prime factors of 147232?
2, 43, 107
What are the prime factors of 32141?
32141
What are the prime factors of 927?
3, 103
What are the prime factors of 4730?
2, 5, 11, 43
What are the prime factors of 4222?
2, 2111
List the prime factors of 1526.
2, 7, 109
What are the prime factors of 772?
2, 193
What are the prime factors of 602?
2, 7, 43
What are the prime factors of 597?
3, 199
List the prime factors of 425.
5, 17
What are the prime factors of 144515?
5, 7, 4129
What are the prime factors of 3804?
2, 3, 317
List the prime factors of 15218.
2, 7, 1087
List the prime factors of 40.
2, 5
List the prime factors of 1540.
2, 5, 7, 11
List the prime factors of 17512.
2, 11, 199
List the prime factors of 60436.
2, 29, 521
List the prime factors of 21183.
3, 23, 307
What are the prime factors of 1850?
2, 5, 37
What are the prime factors of 179?
179
List the prime factors of 13468.
2, 7, 13, 37
List the prime factors of 25704.
2, 3, 7, 17
List the prime factors of 979.
11, 89
What are the prime factors of 10225?
5, 409
What are the prime factors of 1545?
3, 5, 103
What are the prime factors of 423?
3, 47
What are the prime factors of 1268?
2, 317
What are the prime factors of 2984?
2, 373
What are the prime factors of 1018?
2, 509
What are the prime factors of 125076?
2, 3, 7, 1489
List the prime factors of 3053.
43, 71
What are the prime factors of 1267?
7, 181
What are the prime factors of 453?
3, 151
What are the prime factors of 1086?
2, 3, 181
List the prime factors of 4863.
3, 1621
What are the prime factors of 25261?
25261
What are the prime factors of 92772?
2, 3, 859
What are the prime factors of 8917?
37, 241
What are the prime factors of 452?
2, 113
What are the prime factors of 1720?
2, 5, 43
List the prime factors of 410.
2, 5, 41
List the prime factors of 665.
5, 7, 19
What are the prime factors of 3431?
47, 73
List the prime factors of 14550.
2, 3, 5, 97
List the prime factors of 46100.
2, 5, 461
What are the prime factors of 1003?
17, 59
List the prime factors of 13507.
13, 1039
List the prime factors of 4093.
4093
What are the prime factors of 116296?
2, 14537
List the prime factors of 8037.
3, 19, 47
List the prime factors of 2037.
3, 7, 97
What are the prime factors of 9904?
2, 619
What are the prime factors of 1240?
2, 5, 31
What are the prime factors of 16598?
2, 43, 193
What are the prime factors of 612?
2, 3, 17
List the prime factors of 68005.
5, 7, 29, 67
List the prime factors of 1460.
2, 5, 73
List the prime factors of 1934.
2, 967
List the prime factors of 3511.
3511
What are the prime factors of 152097?
3, 11, 419
What are the prime factors of 145718?
2, 72859
What are the prime factors of 45?
3, 5
List the prime factors of 180267.
3, 60089
What are the prime factors of 12521?
19, 659
List the prime factors of 78024.
2, 3, 3251
List the prime factors of 4013.
4013
List the prime factors of 2511.
3, 31
List the prime factors of 53094.
2, 3, 8849
List the prime factors of 39148.
2, 9787
List the prime factors of 8441.
23, 367
What are the prime factors of 845?
5, 13
List the prime factors of 21507.
3, 67, 107
What are the prime factors of 3677?
3677
List the prime factors of 2283.
3, 761
List the prime factors of 633.
3, 211
List the prime factors of 300.
2, 3, 5
List the prime factors of 33849.
3, 3761
What are the prime factors of 7976?
2, 997
What are the prime factors of 2366?
2, 7, 13
What are the prime factors of 75695?
5, 15139
List the prime factors of 25049.
37, 677
List the prime factors of 843.
3, 281
List the prime factors of 4695.
3, 5, 313
List the prime factors of 720.
2, 3, 5
List the prime factors of 2693.
2693
List the prime factors of 641.
641
What are the prime factors of 25352?
2, 3169
What are the prime factors of 7692?
2, 3, 641
What are the prime factors of 2247?
3, 7, 107
List the prime factors of 1273.
19, 67
List the prime factors of 19158.
2, 3, 31, 103
List the prime factors of 14422.
2, 7211
List the prime factors of 1136.
2, 71
What are the prime factors of 55420?
2, 5, 17, 163
What are the prime factors of 7425?
3, 5, 11
List the prime factors of 403.
13, 31
List the prime factors of 8950.
2, 5, 179
List the prime factors of 68090.
2, 5, 11, 619
List the prime factors of 2211.
3, 11, 67
List the prime factors of 16096.
2, 503
What are the prime factors of 532?
2, 7, 19
What are the prime factors of 24479?
7, 13, 269
What are the prime factors of 2764?
2, 691
What are the 